{"id":12618,"date":"2024-08-08T15:54:37","date_gmt":"2024-08-08T18:54:37","guid":{"rendered":"http:\/\/137.184.103.83\/ecocolor\/?post_type=product&#038;p=12618"},"modified":"2025-12-29T16:58:52","modified_gmt":"2025-12-29T19:58:52","slug":"pack-x4-toner-404-bk-c-m-y-c430-c432-c480","status":"publish","type":"product","link":"https:\/\/ecocolor.cl\/tienda\/producto\/pack-x4-toner-404-bk-c-m-y-c430-c432-c480\/","title":{"rendered":"Pack X4 Toner 404 Bk\/C\/M\/Y C430 C432 C480"},"content":{"rendered":"<p>DETALLE PRODUCTO OPCIONAL<br \/>\nPack X4 incluye 4 t\u00f3ner<br \/>\n1 Toner K404s Negro (1.500 p\u00e1ginas) +<br \/>\n1 Toner C404s Cian (1.000 p\u00e1ginas) +<br \/>\n1 Toner M404s Magenta (1.000 p\u00e1ginas) +<br \/>\n1 Toner Y404s Amarillo (1.000 p\u00e1ginas)<\/p>\n<p>Para Samsung Laser Color<br \/>\nC480-C430-C433-C483 Series<\/p>\n","protected":false},"excerpt":{"rendered":"<p>DETALLE PRODUCTO OPCIONAL Pack X4 incluye 4 t\u00f3ner 1 Toner K404s Negro (1.500 p\u00e1ginas) + 1 Toner C404s Cian (1.000 p\u00e1ginas) + 1 Toner M404s Magenta (1.000 p\u00e1ginas) + 1 Toner Y404s Amarillo (1.000 p\u00e1ginas) Para Samsung Laser Color C480-C430-C433-C483 Series<\/p>\n","protected":false},"featured_media":14964,"comment_status":"open","ping_status":"closed","template":"","meta":{"site-sidebar-layout":"default","site-content-layout":"","ast-site-content-layout":"default","site-content-style":"default","site-sidebar-style":"default","ast-global-header-display":"","ast-banner-title-visibility":"","ast-main-header-display":"","ast-hfb-above-header-display":"","ast-hfb-below-header-display":"","ast-hfb-mobile-header-display":"","site-post-title":"","ast-breadcrumbs-content":"","ast-featured-img":"","footer-sml-layout":"","theme-transparent-header-meta":"default","adv-header-id-meta":"","stick-header-meta":"","header-above-stick-meta":"","header-main-stick-meta":"","header-below-stick-meta":"","astra-migrate-meta-layouts":"set","ast-page-background-enabled":"default","ast-page-background-meta":{"desktop":{"background-color":"","background-image":"","background-repeat":"repeat","background-position":"center center","background-size":"auto","background-attachment":"scroll","background-type":"","background-media":"","overlay-type":"","overlay-color":"","overlay-opacity":"","overlay-gradient":""},"tablet":{"background-color":"","background-image":"","background-repeat":"repeat","background-position":"center center","background-size":"auto","background-attachment":"scroll","background-type":"","background-media":"","overlay-type":"","overlay-color":"","overlay-opacity":"","overlay-gradient":""},"mobile":{"background-color":"","background-image":"","background-repeat":"repeat","background-position":"center center","background-size":"auto","background-attachment":"scroll","background-type":"","background-media":"","overlay-type":"","overlay-color":"","overlay-opacity":"","overlay-gradient":""}},"ast-content-background-meta":{"desktop":{"background-color":"var(--ast-global-color-5)","background-image":"","background-repeat":"repeat","background-position":"center center","background-size":"auto","background-attachment":"scroll","background-type":"","background-media":"","overlay-type":"","overlay-color":"","overlay-opacity":"","overlay-gradient":""},"tablet":{"background-color":"var(--ast-global-color-5)","background-image":"","background-repeat":"repeat","background-position":"center center","background-size":"auto","background-attachment":"scroll","background-type":"","background-media":"","overlay-type":"","overlay-color":"","overlay-opacity":"","overlay-gradient":""},"mobile":{"background-color":"var(--ast-global-color-5)","background-image":"","background-repeat":"repeat","background-position":"center center","background-size":"auto","background-attachment":"scroll","background-type":"","background-media":"","overlay-type":"","overlay-color":"","overlay-opacity":"","overlay-gradient":""}}},"product_brand":[],"product_cat":[320,333,336],"product_tag":[],"class_list":{"0":"post-12618","1":"product","2":"type-product","3":"status-publish","4":"has-post-thumbnail","6":"product_cat-2-toner","7":"product_cat-7-promociones-en-linea","8":"product_cat-8-mercado-libre","9":"desktop-align-left","10":"tablet-align-left","11":"mobile-align-left","13":"first","14":"instock","15":"taxable","16":"shipping-taxable","17":"purchasable","18":"product-type-simple"},"_links":{"self":[{"href":"https:\/\/ecocolor.cl\/tienda\/wp-json\/wp\/v2\/product\/12618","targetHints":{"allow":["GET"]}}],"collection":[{"href":"https:\/\/ecocolor.cl\/tienda\/wp-json\/wp\/v2\/product"}],"about":[{"href":"https:\/\/ecocolor.cl\/tienda\/wp-json\/wp\/v2\/types\/product"}],"replies":[{"embeddable":true,"href":"https:\/\/ecocolor.cl\/tienda\/wp-json\/wp\/v2\/comments?post=12618"}],"version-history":[{"count":3,"href":"https:\/\/ecocolor.cl\/tienda\/wp-json\/wp\/v2\/product\/12618\/revisions"}],"predecessor-version":[{"id":16804,"href":"https:\/\/ecocolor.cl\/tienda\/wp-json\/wp\/v2\/product\/12618\/revisions\/16804"}],"wp:featuredmedia":[{"embeddable":true,"href":"https:\/\/ecocolor.cl\/tienda\/wp-json\/wp\/v2\/media\/14964"}],"wp:attachment":[{"href":"https:\/\/ecocolor.cl\/tienda\/wp-json\/wp\/v2\/media?parent=12618"}],"wp:term":[{"taxonomy":"product_brand","embeddable":true,"href":"https:\/\/ecocolor.cl\/tienda\/wp-json\/wp\/v2\/product_brand?post=12618"},{"taxonomy":"product_cat","embeddable":true,"href":"https:\/\/ecocolor.cl\/tienda\/wp-json\/wp\/v2\/product_cat?post=12618"},{"taxonomy":"product_tag","embeddable":true,"href":"https:\/\/ecocolor.cl\/tienda\/wp-json\/wp\/v2\/product_tag?post=12618"}],"curies":[{"name":"wp","href":"https:\/\/api.w.org\/{rel}","templated":true}]}}