{"id":12085,"date":"2024-08-08T15:52:25","date_gmt":"2024-08-08T18:52:25","guid":{"rendered":"http:\/\/137.184.103.83\/ecocolor\/?post_type=product&#038;p=12085"},"modified":"2026-04-11T16:33:07","modified_gmt":"2026-04-11T19:33:07","slug":"aspiradora-de-toner-portatil-atrix-omega-3m","status":"publish","type":"product","link":"https:\/\/ecocolor.cl\/tienda\/producto\/aspiradora-de-toner-portatil-atrix-omega-3m\/","title":{"rendered":"Aspiradora Atrix Express Safety Vacuum \/ VACEXP-04F \/ 230volt"},"content":{"rendered":"<p>La aspiradora de seguridad Atrix Express Safety Vacuum VACEXP-04F de 230 V es una excelente y econ\u00f3mica opci\u00f3n de seguridad ESD filtrada con HEPA (aire particulado de alta eficiencia) H13 para el mantenimiento y la limpieza de equipos sensibles a la est\u00e1tica, como equipos electr\u00f3nicos, computadoras, fotocopiadoras, impresoras, productos farmac\u00e9uticos, centros de datos, cajeros autom\u00e1ticos, rob\u00f3tica y part\u00edculas peligrosas. Es port\u00e1til y liviana, ya que pesa solo 4 libras. El motor de 500 vatios tiene una tremenda potencia de limpieza que produce 70 CFM. Es segura contra ESD con su ruta est\u00e1tica a tierra e incluye un filtro de l\u00ednea electr\u00f3nico incorporado para minimizar las emisiones de ruido EMI\/RFI. Esta aspiradora cuenta con un cartucho de filtro HEPA de contenci\u00f3n inmediata de un cuarto de gal\u00f3n. El filtro HEPA de un cuarto de gal\u00f3n tiene una eficiencia del 99,97 % a 0,3 micrones e incluye tres capas de medio de 56 pliegues. Las tres capas constan de una capa de celulosa y dos capas de vidrio. El cartucho de filtro HEPA captura todo, desde polvo y escombros hasta part\u00edculas peligrosas.<\/p>\n<p>ATENCION RECICLADORES DE TONER Y LIMPIADORES DE COMPUTADORES Y PLACAS<\/p>\n<p><span class=\"\">-Aspiradora de seguridad Express <\/span><br \/>\n<span class=\"\"> -Cable de alimentaci\u00f3n desmontable europeo de 230 V <\/span><br \/>\n<span class=\"\">-Cepillo para hendiduras <\/span><br \/>\n<span class=\"\"> -Cepillo redondo antiest\u00e1tico <\/span><br \/>\n<span class=\"\"> -Herramienta para hendiduras antiest\u00e1tica <\/span><br \/>\n<span class=\"\"> -Herramienta de cuello de cisne flexible antiest\u00e1tica <\/span><br \/>\n<span class=\"\"> -Manguera extensible antiest\u00e1tica de 6&#8242; <\/span><br \/>\n<span class=\"\"> -Cartucho de filtro HEPA de contenci\u00f3n inmediata <\/span><br \/>\n<span class=\"\"> -Tap\u00f3n para puerta<\/span><\/p>\n","protected":false},"excerpt":{"rendered":"<p><a href=\"https:\/\/ecocolor.cl\/tienda\/wp-content\/uploads\/2024\/08\/VACEXP-04F-1-1.pdf\">VACEXP-04F-1<\/a><\/p>\n","protected":false},"featured_media":16581,"comment_status":"open","ping_status":"closed","template":"","meta":{"site-sidebar-layout":"default","site-content-layout":"","ast-site-content-layout":"default","site-content-style":"default","site-sidebar-style":"default","ast-global-header-display":"","ast-banner-title-visibility":"","ast-main-header-display":"","ast-hfb-above-header-display":"","ast-hfb-below-header-display":"","ast-hfb-mobile-header-display":"","site-post-title":"","ast-breadcrumbs-content":"","ast-featured-img":"","footer-sml-layout":"","theme-transparent-header-meta":"default","adv-header-id-meta":"","stick-header-meta":"","header-above-stick-meta":"","header-main-stick-meta":"","header-below-stick-meta":"","astra-migrate-meta-layouts":"set","ast-page-background-enabled":"default","ast-page-background-meta":{"desktop":{"background-color":"","background-image":"","background-repeat":"repeat","background-position":"center center","background-size":"auto","background-attachment":"scroll","background-type":"","background-media":"","overlay-type":"","overlay-color":"","overlay-opacity":"","overlay-gradient":""},"tablet":{"background-color":"","background-image":"","background-repeat":"repeat","background-position":"center center","background-size":"auto","background-attachment":"scroll","background-type":"","background-media":"","overlay-type":"","overlay-color":"","overlay-opacity":"","overlay-gradient":""},"mobile":{"background-color":"","background-image":"","background-repeat":"repeat","background-position":"center center","background-size":"auto","background-attachment":"scroll","background-type":"","background-media":"","overlay-type":"","overlay-color":"","overlay-opacity":"","overlay-gradient":""}},"ast-content-background-meta":{"desktop":{"background-color":"var(--ast-global-color-5)","background-image":"","background-repeat":"repeat","background-position":"center center","background-size":"auto","background-attachment":"scroll","background-type":"","background-media":"","overlay-type":"","overlay-color":"","overlay-opacity":"","overlay-gradient":""},"tablet":{"background-color":"var(--ast-global-color-5)","background-image":"","background-repeat":"repeat","background-position":"center center","background-size":"auto","background-attachment":"scroll","background-type":"","background-media":"","overlay-type":"","overlay-color":"","overlay-opacity":"","overlay-gradient":""},"mobile":{"background-color":"var(--ast-global-color-5)","background-image":"","background-repeat":"repeat","background-position":"center center","background-size":"auto","background-attachment":"scroll","background-type":"","background-media":"","overlay-type":"","overlay-color":"","overlay-opacity":"","overlay-gradient":""}}},"product_brand":[],"product_cat":[329,332],"product_tag":[],"class_list":{"0":"post-12085","1":"product","2":"type-product","3":"status-publish","4":"has-post-thumbnail","6":"product_cat-3-materias-primas","7":"product_cat-6-accesorios","8":"desktop-align-left","9":"tablet-align-left","10":"mobile-align-left","12":"first","13":"instock","14":"taxable","15":"shipping-taxable","16":"purchasable","17":"product-type-simple"},"_links":{"self":[{"href":"https:\/\/ecocolor.cl\/tienda\/wp-json\/wp\/v2\/product\/12085","targetHints":{"allow":["GET"]}}],"collection":[{"href":"https:\/\/ecocolor.cl\/tienda\/wp-json\/wp\/v2\/product"}],"about":[{"href":"https:\/\/ecocolor.cl\/tienda\/wp-json\/wp\/v2\/types\/product"}],"replies":[{"embeddable":true,"href":"https:\/\/ecocolor.cl\/tienda\/wp-json\/wp\/v2\/comments?post=12085"}],"version-history":[{"count":6,"href":"https:\/\/ecocolor.cl\/tienda\/wp-json\/wp\/v2\/product\/12085\/revisions"}],"predecessor-version":[{"id":16587,"href":"https:\/\/ecocolor.cl\/tienda\/wp-json\/wp\/v2\/product\/12085\/revisions\/16587"}],"wp:featuredmedia":[{"embeddable":true,"href":"https:\/\/ecocolor.cl\/tienda\/wp-json\/wp\/v2\/media\/16581"}],"wp:attachment":[{"href":"https:\/\/ecocolor.cl\/tienda\/wp-json\/wp\/v2\/media?parent=12085"}],"wp:term":[{"taxonomy":"product_brand","embeddable":true,"href":"https:\/\/ecocolor.cl\/tienda\/wp-json\/wp\/v2\/product_brand?post=12085"},{"taxonomy":"product_cat","embeddable":true,"href":"https:\/\/ecocolor.cl\/tienda\/wp-json\/wp\/v2\/product_cat?post=12085"},{"taxonomy":"product_tag","embeddable":true,"href":"https:\/\/ecocolor.cl\/tienda\/wp-json\/wp\/v2\/product_tag?post=12085"}],"curies":[{"name":"wp","href":"https:\/\/api.w.org\/{rel}","templated":true}]}}